(22 - 15) + -5.
29
-10 - -1 - ((-29 - -15 - -67) + (-16 - -4))
-50
What is the value of 74 + (-15 - (9 + (-9 - 8)))?
67
Evaluate 5 - (-30 + ((25 - 31) + -6 - (3 - 23))).
27
Evaluate ((10 - 9) + 1 - (3 - (1 - 10))) + 147.
137
(-1 + 9 - (51 + -53)) + -22
-12
-16 + 39 + (-350 + 352 - (3 + (2 - 0)))
20
Calculate 63 + -32 - 21 - (6 - (-27 - 0)).
-23
(-25 - (-36 + -62)) + -45
28
Calculate 31 + (16 - -9) + (-16 - -12).
52
What is the value of (105 - 6 - 32) + -2 + -8?
57
Calculate (18 - 40) + 75 + (13 - ((-3 - -5) + 1)).
63
Evaluate 37 + (-354 - -137) - -59.
-121
Evaluate -134 + (-131 - (-21 - 140)).
-104
Evaluate -81 + (67 - -261) + -155.
92
What is -137 + -4 - (-2126 + 2059)?
-74
Evaluate 10 + (-22 + -17 + 88 + 22 - 12).
69
What is (116 - 80 - 85) + 9 + (-2 - -5 - 2)?
-39
What is the value of 53 - (-80 + 21 + 42)?
70
What is the value of 35 - (42 + (46 - 78))?
25
What is the value of 727 + -731 + (1 - -15)?
12
16 + (-25 - -12) + (9 - (-9 + 16)) + -7
-2
Evaluate (-1 - -18) + 21 + 69 + -76.
31
What is the value of 16 + -45 + 22 + -12 + 72?
53
What is 8 - -35 - 85 - (0 + -16)?
-26
What is (-51 + 62 - -46) + -112?
-55
What is the value of (157 - (-7 + -13) - 22 - 16) + 2 + -1?
140
What is the value of -115 - -54 - 24 - ((-10 - (-2 + 2)) + 3)?
-78
Evaluate -2 - (-11 + 78 + -30 + -50).
11
(-344 - -203) + (131 - 20)
-30
What is -416 + 332 - (-2 + -56)?
-26
Evaluate 22 + -40 + 19 + 112 + (13 - 9).
117
What is 14 + -1 + -1 + 443 + -434 - 4?
17
Calculate 103 + -35 + -9 + 28 + 36.
123
Evaluate 142 + -92 - (27 - (3 - 1)).
25
28 - (-56 + 44 + -3 - -85)
-42
What is the value of (-22 - (-4 - 44) - 27) + (-17 - -3)?
-15
Evaluate -32 + 97 + -82 + -35 + 0.
-52
Evaluate 357 - 93 - 78 - 135.
51
What is the value of (-59 + 36 - 7) + 32 - (101 - -1)?
-100
Calculate -1 - (-32 - (-82 + 41)).
-10
Evaluate -67 - (5 - 31) - -78.
37
Evaluate 110 - (216 - 111) - -42.
47
Evaluate (-387 - -365) + (-2 - 6) - (2 - (-1 + 11)).
-22
Calculate -30 + 8 + (3 - 18).
-37
28 + (-15 - (17 + 15)) - -23
4
What is -47 + -38 + 6 + 35?
-44
Evaluate -4 - 4 - (1 + 10 + (-24 - -31)).
-26
Calculate -12 + (-2 - -4) + 32 + (10 - -2) + -13.
21
Evaluate -19 + (2 - -16) + (-19 - (46 + -47)).
-19
What is 8 - (53 - 20 - (58 - -19))?
52
-57 + -1 + (35 - (40 + -3))
-60
8 + -1 + -18 + (8 - 2) + 7
2
What is 78 + -69 - ((10 - 4) + -6 - -26)?
-17
What is (-48 - 20) + 59 + (-1 - -1 - -15) + -35?
-29
What is the value of 60 - ((-13 - -7) + 16 + 10 - 16)?
56
What is (1 - 13) + (-30 - (48 + 38 + -184))?
56
What is (-2 + (12 - 12) - 9) + (8 - 29)?
-32
-18 + 48 + (2 - (18 + 2))
12
-140 - (73 - 176) - -85
48
(-457 + 216 - -169) + 0 + 22
-50
Calculate 2 + 1 - 4 - 1 - (17 - (-41 - -53)).
-7
What is 35 - (128 + (-11 - 25)) - -15?
-42
12 + -14 - 5 - (21 + 23) - (-1 + -10)
-40
What is (129 - 3) + -1457 + 1296?
-35
(74 - (-1 - -3)) + (-151 - -131) + 1 + 23
76
-12 + (54 - 17) + -6 + -19
0
170 + -63 + -202 - (1 - 14)
-82
What is 92 + (-43 + -30 - -32)?
51
Evaluate -14 - (5 - 23) - (-1 - (0 - -42 - 2)).
45
-36 + 107 + 33 + -76
28
Evaluate -1 + 40 + (-509 - -427).
-43
What is the value of 5 - (1 - -11) - (-231 - -144)?
80
What is the value of 1 + 28 + -2 + -1405 + 1422?
44
What is 0 - (-17 + -1 + 8 + 2 + -1) - 22?
-13
Calculate -8 - ((21 - 28) + 0 + (0 - -19) + -2).
-18
What is the value of 87 - 76 - (23 - 0) - -47?
35
What is the value of -70 + (53 - 34) - -95?
44
Evaluate (9 + -1 - (7 - -18)) + 2 - (0 + 8).
-23
Calculate 5 + (1 - (-2 - -3)) + 337 + -116 + -186.
40
-1 + -24 + -279 + 330 - -32
58
What is -1 + -7 - (11 - (-18 - (-81 - -16)))?
28
What is -1 + (-64 - (-3 - -7)) + 3003 + -3013?
-79
Calculate -16 + (4 - -15) + 2 + (4 - -2).
11
Evaluate -59 + (-11 - -36) + (-90 - 5).
-129
Evaluate -1 + 8 + (0 + -36 + 1 - (3224 - 3238)).
-14
Calculate (-9 - ((40 - -7) + 9)) + -30.
-95
What is (10 - 20) + (-9 - -8 - -8 - -7 - 8)?
-4
Evaluate -22 + (84 - 16 - 48).
-2
What is 43 + -61 - (-33 - (-10 - -5))?
10
Evaluate -25 - -17 - 0 - (8 - (-79 + -7 + 10)).
-92
(-69 + 20 - 25) + -5 + 1 - -6
-72
What is the value of 7 + -8 + 2 + 57 - (-31 - (-51 - -15))?
53
-2 + 1 + -8 - (-2122 - -2082)
31
What is the value of (5 - 1) + (-5 + 25 - (-1 + -6 + 8))?
23
0 - 1 - -1 - -3 - (546 + -289 + -176)
-78
(-7 - 10) + 1 + -8 + -4
-28
What is (0 - -8) + (23 + -116 + 90 - (-1 - 11))?
17
Evaluate 4 + (-40 + 31 - (-19 - -2)).
12
Calculate -15 + (-14 + 21 - 33 - -39).
-2
Evaluate 263 + -284 + 1 + 39 + -165.
-146
What is the value of (-14 - -6) + (-12 + 62 - 6)?
36
Calculate 51 - ((69 - 84) + 54).
12
Evaluate (-5 - (19 - -10)) + 119 + -3.
82
Calculate (3 + 22 - 6) + (159 - 176).
2
Evaluate (0 + 0 - 4) + (-820 - -753).
-71
What is (0 + 2 - -49) + -4?
47
Calculate (-53 - -154) + (-104 - 0).
-3
45 + (6 - 43 - -88)
96
Calculate -4 + (1 - -1) + 13 + (-9 - (-59 + 27)).
34
What is the value of (13 - 1) + -2739 + 2734?
7
Calculate 54 + -31 + -18 + 1 + 51.
57
Calculate (-250 - -307 - (1 + 29)) + -98.
-71
Evaluate 8 + 6 + -15 + 14 + 0 - 36.
-23
What is the value of 16 + 2 - (-70 + (7 - -44))?
37
Calculate 69 + -89 + -162 - -74.
-108
What is 104 + (0 - 84) + 80?
100
What is the value of 28 - (-29 + 40) - 48?
-31
What is 156 + (-177 - (-47 + -48))?
74
Calculate -727 + 637 - (20 + -33).
-77
Evaluate -71 + -24 + 121 - -38.
64
-154 + 194 + (4 + -9 - 7)
28
Calculate -1 - (-21 + -1 - (157 + -199)).
-21
22 - (-44 + -79 + 70)
75
Calculate -3 - (-15 + (7 - -7 - 11)) - 3.
6
Calculate -73 - -31 - -44 - (1 - 2).
3
-3 - (1 - (7 - 0) - -14 - (-29 - 5))
-45
43173 + -43183 - ((-1 + 0 - 60) + 2)
49
Calculate -25 - (-104 - -56 - -32).
-9
Calculate (5455 - 5444) + 1 + 20.
32
Calculate (1 - 0) + (-58 - -60 - 19).
-16
Calculate 13 + (-9 - -34) - (0 + -5) - (371 + -368).
40
Evaluate -1 - (14 + (6 + -5 - (17 - 39))).
-38
Calculate (118 - 115) + (3 - -1) + -5 + 18.
20
What is 53 + 1 - (-1435 + 1451)?
38
What is -343 + 112 + 117 - -75?
-39
Calculate -6 - (13 + (-24 - -15)) - (5 + (-7 - -2)).
-10
-2 + 1 + -2 + 2 - 25 - (-11185 - -11194)
-35
Calculate 12 - (22 + 7) - (-59 + 26).
16
Evaluate -8 + (1 - (-28 - -14)) + 20.
27
Evaluate 19 + -16 - ((0 + 5 - -24) + -1).
-25
What is the value of 2775 + -2793 - (86 - 4)?
-100
53 + (-18 - (-21 - -42)) + (10 - -2)
26
Calculate -22 + (12 - (7 - (22 + -7))).
-2
57 + -7 + (-1 - -10) + (-38 - -26) - 7
40
Evaluate (57 - 34) + 10 + (-19 - -12).
26
What is the value of (-34 - -47) + (87 + 11 + -16 - -3)?
98
What is the value of -105 - (-54 - (54 - 3))?
0
Calculate -27 - (-74 - (5 + 10 + 9)).
71
What is (-9 - (-4 + -6) - -11 - 12) + 69?
69
Calculate (128 - (18 - -2 - (63 - 62))) + 25.
134
Evaluate -3 + -8 - (-1 - 3 - (-173 - -183)).
3
What is -4 + (12 - (18 + -52 + (8 - 3 - -5)))?
32
What is the value of 0 - 35 - (0 - (-6 + -2 + (143 - 133)))?
-33
What is the value of -1 + 57 + (-26 - (-20 + -7 - -17) - -9)?
49
What is -27 + (0 - 24) + (-483 - -469)?
-65
-4 - (-1266 + 1275 + -3 + 3 + (-16 - 0))
3
Evaluate (37 - -31) + (-2 - 42).
24
Evaluate 0 + 19 - (75 + -26 + -28 + 2).
-4
Evaluate 14 + (15 - 15) + -26 - 37.
-49
Evaluate (-9 - 4) + 126 + -72.
41
What is the value of -25 + 5 + (32 - -19)?
31
What is (11 - -12) + -7 + 26 + -2?
40
Evaluate -28 + (-10 - -26) - 17 - 23.
-52
Calculate (17 - 66) + 77 + -20 + 3 + 118 + 0.
129
What is the value of 24 + (14 + -1 - 24) - 23?
-10
Evaluate (-5 - -9 - -4 - 16) + 10 + 7 + -51.
-42
Evaluate 14 + (20 - (25 - -6)) + -63.
-60
What is (-58 - (3 - (28 + 13))) + -93?
-113
What is 128 + -100 + (3 + 1 - (7 + -13 + 16))?
22
Calculate (-2 - 4 - ((85 - 36) + -45)) + 16.
6
Evaluate (6 - (2 - (6 - -1))) + (89 - 14) + -110.
-24
What is the value of (14 + -35 - (29 + -148)) + (2 - 15)?
85
(13 - 2 - (96 + -97 - -19)) + (1 - 115)
-121
Evaluate 5 - (4 - -5) - (1 - -3) - (-2 + -24).
18
(8 + -3 - (-2 - 0)) + (-10 + 15 - -18)
30
Calculate -14 + -53 - (3 + -29) - 36.
-77
Evaluate (17 + 7 - (-2 + 17)) + -30.
-21
What is the value of -57 + 9 + 77 + -19 - (-1 + 0 - -3)?
8
What is -41 + (34 - (12 + -19)) + (2 - (1 + -2))?
3
What is (13 - 10) + -10 + -3 - (-106 - -45)?
51
What is the value of -11 + (95 - 4) + -7 + -11 - (-7 - -6)?
63
-13 + 0 - (-13 - (8 + 4 - 8 - 12))
-8
What is 19 + (-8 + (-4 - -2) - (163 + -285))?
131
5 + 9 - (145 - 155) - -53
77
What is (131 + -79 - (0 + -4)) + -1 + -1 + -8?
46
-26 - ((2 - -16) + (-21 - -3))
-26
Evaluate 363 + -288 + 